e -102 = -14*l + o. What is the highest common divisor of 1 and l?
1
Let d = -185 - -183. Let t be 478/(-4)*d + 3. Calculate the highest common divisor of t and 44.
22
Let d(l) = 2*l**2 - 7*l - 10. Let i be d(5). Suppose -4*h + 20 = 0, 5*b - h - 175 = -i*h. Suppose 5*s + 26 = b. What is the highest common factor of 4 and s?
1
Suppose -4*w + 2273 = d, -960*d + w = -965*d + 11289. What is the greatest common divisor of d and 122?
61
Let h be ((-2)/(60/170))/(2/714). Let u = h + 3011. Calculate the greatest common factor of u and 52.
52
Let s(z) = -z**2 - 13*z - 28. Let c = -24 - -12. Let j be s(c). Let u(x) = -x**2 - 15*x + 19. Let y be u(j). Calculate the highest common divisor of 15 and y.
3
Suppose 0 = 44*y - 46*y + 1380. Let k = y + -620. What is the highest common factor of k and 98?
14
Let x = -3304 + 3332. What is the highest common factor of 2338 and x?
14
Suppose -10*l - 13*l = -115. Suppose 2*g + 0 = -4, 2*m + 3*g = 0. Suppose -a + 38 = 3*z, -a + m = -l*z - 19. Calculate the highest common factor of a and 352.
32
Let q(i) = i**2 + 7*i - 10. Suppose m + 5*m = -48. Let c be q(m). Let w be 13 + c + 18/(-9). Calculate the greatest common factor of w and 99.
9
Let q be 7*(0 - (-224)/2). Let t(v) = -v**3 + 3*v**2 + 178*v + 278. Let j be t(-11). What is the greatest common divisor of q and j?
14
Let a = -1 - -11. Suppose 0 = -t, -4*f = 4*t - 26 - a. Let c be (-3)/((12/(-9))/4). Calculate the greatest common divisor of c and f.
9
Let j = 6 - 2. Let y be ((-2208)/36)/(j/(-6)). Calculate the greatest common factor of y and 161.
23
Let c(o) be the second derivative of o**3 + 109*o**2 + 301*o. Let j be c(-23). What is the highest common divisor of 400 and j?
80
Suppose 5*c = 477 + 1818. Let x = -168 - -270. What is the highest common divisor of x and c?
51
Suppose 3*l - 5*c + 14 + 64 = 0, 4*l - 5*c = -99. Let m = l + -13. Let u = m - -60. What is the highest common factor of u and 26?
26
Suppose -4*u = 2*w - 1454, -3*u + 3649 = -131*w + 136*w. What is the highest common divisor of w and 1376?
43
Let w be 6/(-2) + (-2)/2. Let a = -3168 - -3169. Let m be a + 6 + 3 - w. What is the highest common divisor of 98 and m?
14
Let b = 9615 + -3263. Calculate the highest common factor of b and 16.
16
Suppose -4*c - 20 = -2*i, -5*i + 13*c = 8*c - 75. Calculate the highest common divisor of 84 and i.
4
Suppose 3*l - 3*q - 9 = 0, -6 = l + q - 9. Let s be 6 + (13 - 6) + l. What is the greatest common divisor of s and 176?
16
Let j = -17 - -26. Let o = -151 - -189. Let a = -29 + o. What is the highest common divisor of a and j?
9
Let u = 11556 - 7563. What is the highest common factor of u and 99?
33
Let p(r) = r**3 + 35*r**2 + 192*r + 544. Let y be p(-29). Let j(h) = 17*h + 4. Let q be j(6). Let o = q + -51. What is the highest common divisor of o and y?
11
Suppose 0 = -219*c - 729 + 889 + 1811. Suppose 43 = d - 2*k, -k - 28 = -2*d + 43. What is the greatest common divisor of d and c?
3
Let p(d) = -364*d + 108. Let r be p(-2). Calculate the highest common factor of r and 132.
44
Suppose 0 = 135*o + 68 - 2081 - 687. What is the highest common divisor of 2560 and o?
20
Let p(t) = -10*t - 12. Let m be p(1). Let k be (m/4)/((-153)/(-162) + -1). What is the highest common divisor of k and 22?
11
Let q be ((-14)/6)/(2/(-54)). Let r(n) = -5*n**3 + 20*n**2 + 20*n + 2. Let k be r(-1). Calculate the greatest common factor of q and k.
7
Let j be 6/(-16) - 201/(-24). Let m(h) be the third derivative of h**4/8 + 2*h**3/3 - 8*h**2. Let v be m(j). Calculate the highest common factor of v and 7.
7
Suppose 7*d + 68 + 128 = 0. Let j be (66/(-2))/(-4 + (-91)/d). What is the highest common factor of j and 11?
11
Suppose 4*f + 169 = p + 3*f, -3*p + 519 = 3*f. Let j = 369 - p. What is the highest common factor of 264 and j?
66
Let f = -809 + 807. Let g be ((-108)/(-24))/(f/(-8)). Suppose 110 = 3*p - 2*u - 2*u, p + 4*u = 58. Calculate the highest common factor of p and g.
6
Suppose 15*o - 7*o = 600. Let u be (-15)/(o/(-860)) - (1 - 0). Calculate the highest common divisor of u and 9.
9
Let n(f) = -59*f - 967. Let m be n(-37). Calculate the greatest common factor of m and 192.
64
Suppose -71 = -r + 89 - 103. Calculate the highest common divisor of 12065 and r.
19
Let l = -8480 + 8575. Calculate the greatest common divisor of 1767 and l.
19
Let b be 5/(2/((-10)/(-5))). Suppose -109 = b*k - 179. What is the greatest common factor of k and 182?
14
Suppose -27*y - 40 + 242 + 122 = 0. What is the highest common factor of y and 100?
4
Suppose 0 = -10*d + 604 + 406. Suppose d = -4*i + 149. Let v(r) = r**3 - 13*r**2 + 14*r + 27. Let g be v(i). What is the highest common factor of g and 17?
17
Suppose 9*a - 11*a + 31 = 5*z, -92 = -4*a - 4*z. What is the greatest common factor of a and 3143?
7
Let r = 9 + -92. Let n = r - -86. Let u be (6 - 1 - -1)*(-3)/(-2). What is the highest common factor of n and u?
3
Suppose 3*q = n - 36, 0 = 12*n - 9*n + 2*q - 86. Let b be (147/28 - 2/8) + n. Calculate the highest common factor of 21 and b.
7
Let j = -144 + 150. Let u be 1624/24 + 8/j. What is the highest common divisor of u and 92?
23
Suppose 1404 + 377 = 39*h - 169. Let j = 79 - 4. Calculate the greatest common factor of h and j.
25
Let y = 1925 + -1685. Suppose -2*c - 3*c + 2*w + 10 = 0, 0 = -4*w + 20. Suppose -200 = -r - c*r. Calculate the highest common factor of y and r.
40
Let k = 16 - 20. Let h be (2/k)/(3/(-252)). Suppose -41 = 5*j - 101. What is the highest common factor of j and h?
6
Let d(w) = w**3 + 7*w**2 - 30*w + 16. Let u be d(-10). Calculate the highest common divisor of u and 208.
16
Suppose 4*b + 64 = 212. Suppose 0 = 2*m - 11*m - 63. Let q = 81 + m. What is the greatest common factor of b and q?
37
Let b = 10007 + 116. What is the highest common divisor of b and 191?
191
Let m(q) = 6*q**2 + 2*q + 64. Let n be m(-11). Calculate the greatest common factor of 84 and n.
12
Let y(o) = 5*o - 90. Let n be y(21). Suppose -6*z + 129 = -n. What is the highest common divisor of 30 and z?
6
Let q(v) = -2*v**2 + 137*v - 270. Let p be q(61). Calculate the highest common divisor of p and 3053.
43
Let j(b) = b**2 + 9*b - 64. Let c be j(-14). Suppose 3*t + 0*t = 0. Let q be (t - -3) + (-30)/(-2). Calculate the greatest common factor of q and c.
6
Suppose 1468*y = 1447*y + 81627. What is the highest common factor of y and 23?
23
Let w = -1122 - -1195. What is the highest common divisor of 73 and w?
73
Let t = -24 + 25. Let r be (-4)/12 + t/((-6)/250). Let z be (r/(-4))/1*4. What is the greatest common factor of z and 6?
6
Suppose 32*l + 5*t = 30*l + 123, -3*t = -4*l + 207. What is the greatest common divisor of 657 and l?
9
Let p = 101 - -358. Let y = p + -426. Calculate the greatest common factor of y and 132.
33
Let d = -239 - -269. Calculate the greatest common factor of d and 810.
30
Let n(r) = r**3 - 3*r - 3. Let q be n(-3). Let j = 12 - q. Suppose -j = -9*c + 48. What is the highest common factor of c and 81?
9
Suppose 32 = 2*y - 40*u + 38*u, -y - 2*u + 16 = 0. What is the greatest common divisor of y and 1496?
8
Suppose 5*k = 22*y - 26*y + 38, -5*y = k - 37. Let b(r) = -r**2 - 6*r - 3. Let z be b(-2). Suppose 202 = z*f + k. What is the highest common divisor of f and 5?
5
Let n be 36 - 1/(-2)*0. Let z be ((-168)/(-10))/((64/15)/32). What is the highest common factor of z and n?
18
Let f = -19 - -67. Let m be 272/f - 4/(-3). Suppose -2*s = 5*k - 5*s - 134, -4*k + 4*s + 104 = 0. Calculate the highest common divisor of k and m.
7
Suppose 3*k = 20 - 5. Let l be (8 - 5)/(3/k). Suppose -2*d - 2*r + 99 = -7, 0 = -l*r - 15. What is the greatest common factor of 14 and d?
14
Suppose 5*x = -0*x - 346 + 261. Let n be (6/(-4))/((-6)/8). Let d be (6 - 4)*-1*x/n. Calculate the highest common divisor of 51 and d.
17
Let j(i) = -4*i + 4. Let z be j(5). Let o be 8/(z/(-15))*2. Let d be (-6)/(19/(13585/(-22))). Calculate the greatest common factor of o and d.
15
Suppose 2*i - i = 45. Suppose 4*k = 4, 140 = -8*f + 3*f + 5*k. Let x = i + f. What is the highest common factor of 90 and x?
18
Let p(m) = -22*m + 1137. Let t be p(-8). Calculate the greatest common factor of t and 130.
13
Suppose 14*j + 4*u = 9*j - 104, 0 = 2*j + 3*u + 43. Let m(f) = -21*f + 93. Let n be m(j). Calculate the greatest common factor of 